
What is the remainder when 18819 is divided by 588?
3
What is the remainder when 3165402 is divided by 375?
27
Calculate the remainder when 402505 is divided by 1454.
1201
Calculate the remainder when 3679108 is divided by 29.
23
What is the remainder when 44438 is divided by 5192?
2902
What is the remainder when 25235 is divided by 178?
137
What is the remainder when 157516 is divided by 1565?
1016
What is the remainder when 401449 is divided by 80264?
129
What is the remainder when 37891456 is divided by 12630435?
151
Calculate the remainder when 1448944914 is divided by 1249.
1247
What is the remainder when 9224 is divided by 1683?
809
What is the remainder when 19728892 is divided by 64?
60
Calculate the remainder when 3904371 is divided by 244023.
3
Calculate the remainder when 302555424 is divided by 4691.
4688
Calculate the remainder when 3114239 is divided by 252.
23
Calculate the remainder when 1047881 is divided by 87315.
101
Calculate the remainder when 15004883 is divided by 5001627.
2
What is the remainder when 4021132 is divided by 885?
577
What is the remainder when 176832305 is divided by 63?
62
What is the remainder when 83700 is divided by 2427?
1182
What is the remainder when 1205174 is divided by 401676?
146
Calculate the remainder when 801765 is divided by 4070.
4045
Calculate the remainder when 62044 is divided by 2738.
1808
What is the remainder when 2198224 is divided by 2198215?
9
What is the remainder when 830919691 is divided by 2264?
2259
What is the remainder when 332308 is divided by 1065?
28
What is the remainder when 4504648 is divided by 456?
280
Calculate the remainder when 1403479 is divided by 2652.
571
Calculate the remainder when 8456942 is divided by 14606.
68
Calculate the remainder when 1628708 is divided by 1112.
740
Calculate the remainder when 15381676 is divided by 1482.
1480
Calculate the remainder when 2973665 is divided by 424809.
2
Calculate the remainder when 3736506 is divided by 810.
786
What is the remainder when 105646548 is divided by 8544?
8532
Calculate the remainder when 10404 is divided by 3159.
927
What is the remainder when 95443007 is divided by 1472?
1471
Calculate the remainder when 315189 is divided by 3502.
9
What is the remainder when 24772051 is divided by 1113?
10
Calculate the remainder when 10855550 is divided by 986862.
68
Calculate the remainder when 14484 is divided by 559.
509
What is the remainder when 75941915 is divided by 566?
563
What is the remainder when 1135646 is divided by 201?
197
What is the remainder when 325474 is divided by 11978?
2068
What is the remainder when 10780641 is divided by 14019?
30
What is the remainder when 307116417 is divided by 2753?
2749
Calculate the remainder when 8874819 is divided by 10478.
10431
Calculate the remainder when 154559 is divided by 1645.
1574
What is the remainder when 348654 is divided by 173734?
1186
What is the remainder when 374514 is divided by 26582?
2366
What is the remainder when 1816603 is divided by 310?
3
What is the remainder when 248682117 is divided by 4385?
4382
What is the remainder when 8288821 is divided by 389?
9
Calculate the remainder when 7668 is divided by 3479.
710
Calculate the remainder when 1974160 is divided by 212.
16
What is the remainder when 7959147 is divided by 46274?
19
Calculate the remainder when 2641551 is divided by 1702.
47
Calculate the remainder when 5084120 is divided by 7.
6
What is the remainder when 1662078 is divided by 1140?
1098
What is the remainder when 5052471 is divided by 721691?
634
Calculate the remainder when 436271 is divided by 62324.
3
Calculate the remainder when 77747151 is divided by 15.
6
Calculate the remainder when 2246556 is divided by 86405.
26
What is the remainder when 64146 is divided by 1527?
12
What is the remainder when 33066 is divided by 31970?
1096
What is the remainder when 24438073 is divided by 51?
46
What is the remainder when 423142 is divided by 2148?
2134
Calculate the remainder when 45274944 is divided by 302.
10
Calculate the remainder when 9277820 is divided by 296.
292
What is the remainder when 39217884 is divided by 19608939?
6
What is the remainder when 7707073 is divided by 3508?
3505
Calculate the remainder when 2159451 is divided by 2159003.
448
Calculate the remainder when 4342639 is divided by 1168.
15
What is the remainder when 3410 is divided by 87?
17
What is the remainder when 1008323 is divided by 9436?
8107
Calculate the remainder when 65095 is divided by 933.
718
What is the remainder when 325016 is divided by 457?
89
Calculate the remainder when 730315 is divided by 1743.
1741
Calculate the remainder when 1355228 is divided by 20220.
488
Calculate the remainder when 47999740 is divided by 2174.
2168
Calculate the remainder when 37377 is divided by 37377.
0
Calculate the remainder when 29698 is divided by 748.
526
What is the remainder when 17836119 is divided by 270244?
15
Calculate the remainder when 233222 is divided by 7772.
62
Calculate the remainder when 5997627 is divided by 333201.
9
Calculate the remainder when 28057 is divided by 9321.
94
What is the remainder when 3950988 is divided by 2268?
132
Calculate the remainder when 14525 is divided by 12031.
2494
What is the remainder when 232550 is divided by 77433?
251
What is the remainder when 243619680 is divided by 121809836?
8
Calculate the remainder when 237356 is divided by 39482.
464
What is the remainder when 1479394 is divided by 48?
34
What is the remainder when 1748345 is divided by 5330?
105
What is the remainder when 165433308 is divided by 130674?
24
Calculate the remainder when 63221152 is divided by 53.
49
What is the remainder when 79576 is divided by 2229?
1561
Calculate the remainder when 1144030 is divided by 190671.
4
What is the remainder when 15798832 is divided by 7899385?
62
Calculate the remainder when 3982201 is divided by 34329.
37
Calculate the remainder when 56473 is divided by 7030.
233
Calculate the remainder when 10282693 is divided by 447.
352
What is the remainder when 4705796 is divided by 488?
12
What is the remainder when 30580006 is divided by 2038667?
1
What is the remainder when 740974 is divided by 646?
12
Calculate the remainder when 364247 is divided by 121381.
104
Calculate the remainder when 2398056 is divided by 171271.
262
What is the remainder when 1641572 is divided by 24870?
152
What is the remainder when 573350 is divided by 191039?
233
Calculate the remainder when 167005 is divided by 386.
253
What is the remainder when 191688 is divided by 19160?
88
What is the remainder when 189356 is divided by 2037?
1952
Calculate the remainder when 318578899 is divided by 655.
654
What is the remainder when 1424588 is divided by 474861?
5
Calculate the remainder when 23925003 is divided by 2036.
2003
Calculate the remainder when 1215073 is divided by 303764.
17
What is the remainder when 636192 is divided by 3198?
2988
What is the remainder when 27229253 is divided by 661?
19
Calculate the remainder when 67378 is divided by 66992.
386
What is the remainder when 74544297 is divided by 90?
87
Calculate the remainder when 52383 is divided by 373.
163
What is the remainder when 167476 is divided by 3806?
12
What is the remainder when 473767 is divided by 634?
169
What is the remainder when 9361824 is divided by 425537?
10
What is the remainder when 20552909 is divided by 321139?
13
Calculate the remainder when 5741937 is divided by 332.
329
Calculate the remainder when 1861112 is divided by 3051.
2
What is the remainder when 276285 is divided by 45957?
543
Calculate the remainder when 406310 is divided by 2032.
1942
Calculate the remainder when 128140 is divided by 693.
628
Calculate the remainder when 123852 is divided by 61846.
160
Calculate the remainder when 4807447 is divided by 26.
21
What is the remainder when 290684 is divided by 145335?
14
What is the remainder when 33055648 is divided by 1479?
1477
What is the remainder when 1117009 is divided by 1000?
9
What is the remainder when 54990 is divided by 53306?
1684
What is the remainder when 2330374 is divided by 3716?
442
What is the remainder when 2408392 is divided by 5790?
5542
What is the remainder when 26960 is divided by 4392?
608
What is the remainder when